 be (-180)/6*(2 + -3). Suppose 0*s - 2*s = -t. What is the remainder when 26 is divided by s?
11
Suppose 953 = -8*w + 12*w + s, 478 = 2*w + 2*s. Calculate the remainder when w is divided by 20.
18
Let n(w) = -2*w + 10. Let t be n(7). Calculate the remainder when 54 is divided by t + 2 + (-39)/(-3).
10
Let l(w) = w**3 - 14*w**2 + 25*w. Let f be l(12). Let g(a) = 6*a - 8. Calculate the remainder when g(f) is divided by 11.
9
Suppose 2*p - 1205 = 547. Suppose -43 - 27 = -5*h. What is the remainder when 121 is divided by p/28 - 4/h?
28
Suppose 5*s - 2*s = 6. Let b(o) = 69*o - 2. Calculate the remainder when b(1) is divided by 19 + s + 2/1.
21
Let h be (99/6)/((-1)/(-2)). Let m = h + -26. Calculate the remainder when m is divided by 5.
2
Let s = 33 + -10. Suppose -2*x - s = -131. Let v(f) = 18*f**2 + 1. Calculate the remainder when x is divided by v(-1).
16
Let w be (-3)/12*-4*17. Suppose -4*o + w = 2*d + 1, -3*d = -5*o - 2. What is the remainder when d is divided by 3?
1
Suppose 29 = c + 3*x, c + x - 12 - 9 = 0. Let f be (6/4)/(9/(-12)). Calculate the remainder when c is divided by 4 - -2*f/(-4).
2
Let x(d) = 11*d - 13. Calculate the remainder when x(9) is divided by (-4 + 22/6)/(4/(-276)).
17
Suppose 4*f = 6*f - 230. Let z = 179 - f. Calculate the remainder when z is divided by 34.
30
Let r(f) = -f**3 - 9*f**2 - 12*f + 74. What is the remainder when r(-15) is divided by 134?
130
Let o = -93 + 226. Calculate the remainder when o is divided by 16.
5
Suppose 0 = -44*n + 28*n + 3824. What is the remainder when n is divided by 12?
11
Let n = 172 - 82. Suppose 5*u + 46 + n = 4*p, -5*u - 175 = -5*p. What is the remainder when 76 is divided by p?
37
Suppose -3*x - 2*x = -20. Suppose r + 29 = x*o - 75, 0 = -5*o + 2*r + 133. Let y = -8 + 17. What is the remainder when o is divided by y?
7
Let j = 1031 - 762. What is the remainder when j is divided by 11?
5
Let l(r) = 5*r + 20. Suppose 4*d = -2*k + 44, 0 = 28*d - 24*d - 8. What is the remainder when l(9) is divided by k?
11
Let s = 68 + -77. Let x = 67 + s. What is the remainder when x is divided by 31?
27
Let r(y) = y**3 + 8*y**2 + 7*y + 11. Let c(w) = 2*w - 12. Let v be c(6). Suppose 9*l - 7*l + 10 = v. Calculate the remainder when r(l) is divided by 13.
12
Let z(f) be the second derivative of f**5/20 + f**4/6 - f**2/2 + 2*f. What is the remainder when z(2) is divided by (-5)/25 - (-82)/10?
7
Let y(l) = -l**3 - 5*l**2 - l + 5. Let p be y(-6). Let u(c) = -2*c - 5. Let i be u(13). Let s = i + p. What is the remainder when 62 is divided by s?
14
Let h(r) = r**3 + 5*r**2 - r. Let n(x) = 2*x. Let g be n(-2). Suppose 4*i = 5*j + 216, -3*i + 0*j = -4*j - 161. What is the remainder when i is divided by h(g)?
19
Suppose -9*n + 807 + 111 = 0. What is the remainder when n is divided by 12?
6
Suppose -6*s = 16 - 208. Let o = s - 22. Calculate the remainder when o is divided by 4.
2
Let y = 1 - 0. Let p be y/(-4) - (-187)/44. Suppose p*d = 2*d + 40. What is the remainder when d is divided by 12?
8
Suppose -38*z = z - 5148. What is the remainder when z is divided by 86?
46
Let n = 3 - -183. Calculate the remainder when n is divided by 47.
45
Let u(v) = -40*v - 1. Suppose -4*x - 3*r = -194, 4*r + 231 = 5*x + 2*r. Suppose -5*b = -23 - x. What is the remainder when u(-1) is divided by b?
11
Let n be (-97)/4 - ((-51)/12 - -4). Let j = -10 - n. Calculate the remainder when 38 is divided by j.
10
Let r be 2 + -2 - (3 + -15). Suppose 4*m - r = 5*m - 4*k, 4*k = -4*m - 28. Let p(u) = u**3 + 8*u**2 - 8*u + 2. What is the remainder when p(m) is divided by 17?
15
Calculate the remainder when 2*(-2 - (-3)/((-36)/(-2310))) is divided by 96.
93
Suppose -22*m + 72 = -16*m. What is the remainder when 131 is divided by m?
11
Let l(q) = q**3 + 4*q**2 + 4*q + 1. Let w be l(-3). Suppose -60 = 37*a - 43*a. Calculate the remainder when a is divided by ((-1)/1 + -1)*w.
2
Let q(j) = -2*j**3 - 2*j**2 - j - 39. Let i be q(0). Let x = 128 + i. What is the remainder when x is divided by 7?
5
Suppose -90 = 3*o - 6*o. Suppose o = 2*w - 4*m, -3*w + w - 2*m + 12 = 0. Calculate the remainder when 33 is divided by w.
6
Suppose -2*v = 13*v - 180. What is the remainder when 114 is divided by v?
6
Let j be (-3372)/48 + (-6)/8. Let h = j + 116. Let s(t) = -t**3 + 2*t**2. Calculate the remainder when h is divided by s(-2).
13
Suppose -k + 3 = -0*k. Suppose k*t - 81 = -0*t. Let g(a) = 7*a**2 - a + 1. What is the remainder when t is divided by g(1)?
6
Let p = 86 + -89. Let b(d) = -d**2 + d. Let q be b(-4). What is the remainder when q/p*(-96)/(-20) is divided by 11?
10
Let p = -410 - -438. What is the remainder when 102 is divided by p?
18
Suppose 2*y - 68 = -10. Let q = -27 + y. Suppose -3*b + q*b = -h - 15, -4*h = -b + 12. What is the remainder when 61 is divided by b?
13
Suppose 4*u + 14*s - 132 = 9*s, -2*s = 4*u - 144. What is the remainder when 149 is divided by u?
35
Let u = 834 + -744. Suppose 3*t = -3*s + 4*s - 29, -2*t - 96 = -4*s. What is the remainder when u is divided by s?
21
Suppose 100 = -4*o - 3*i, 2*o + 6*i + 40 = 2*i. Calculate the remainder when (-312)/o - (-5)/(-35) is divided by 7.
4
Calculate the remainder when ((-3465)/(-84))/(4/272) is divided by 13.
10
Let r(f) = -f - 1. Let n be r(-4). Suppose -3*u + 44 = 2*q + 6, 0 = -3*q + n*u + 27. Calculate the remainder when 61 is divided by q.
9
Calculate the remainder when (1 + (-68)/(-20))/(5/50) is divided by 5.
4
Let n = 160 - 9. Calculate the remainder when 425 is divided by n.
123
Suppose 2*b = 4*b. Suppose b = -r + 2*g + 3 - 9, -g = -2*r + 3. Suppose q - 3*q + 36 = -4*v, r*v = 5*q - 72. Calculate the remainder when 58 is divided by q.
10
Suppose 5*s = 2*s. Let l(z) = -43*z - 4. Let j be l(-7). What is the remainder when (s - 4)*j/(-22) is divided by 14?
12
Suppose -5*g + 24 = -36. Calculate the remainder when (686/22)/1 - (-14)/(-77) is divided by g.
7
Suppose -115 = -5*s + 190. Let i = 51 - 47. Suppose -s - 3 = -i*f. What is the remainder when 30 is divided by f?
14
Suppose 4 = f + 1. Suppose -f*d = 6, -2*j - d + 74 = 2*j. What is the remainder when (-3)/(-2) - (-1617)/22 is divided by j?
18
Let n be ((-1 - 2) + 2)*(76 - 7). Calculate the remainder when n/(-23)*76/6 is divided by 8.
6
Calculate the remainder when (1/4)/((-3)/(-276)) is divided by 4.
3
Let i = -174 - -387. Calculate the remainder when i is divided by 71.
0
Suppose 5*l - 283 = -4*g, 0 = -4*l + 3*g - 7*g + 228. Calculate the remainder when l is divided by 44.
11
Suppose -10 = -5*k + 10. Suppose -o + 4*u - k = -11, u + 2 = 0. What is the remainder when 57 is divided by (-1)/((-42)/(-45) + o)?
12
Suppose 2*n + 1748 = y + 3*y, -2*y - 4*n = -854. Calculate the remainder when y is divided by 213.
9
Calculate the remainder when 3/((-2)/(888/(-9))) is divided by 30.
28
Let h(u) = u**2 + 5*u - 2. Let r be h(-6). Suppose r*d = 37 - 5. Calculate the remainder when d is divided by 6.
2
Let m(y) = 4 - 3 + 4 + 4 - 12*y. What is the remainder when m(-7) is divided by 16?
13
Let z(f) = -2*f**3 + 19*f**2 - 14*f + 87. What is the remainder when 83 is divided by z(9)?
41
Suppose 7*x + 1215 = 34*x. Calculate the remainder when 169 is divided by x.
34
Suppose 8*i - 524 = 164. Calculate the remainder when i is divided by 53.
33
Let a(k) = k**3 + 10*k**2 - 12*k + 47. Let s(y) = -3*y. Calculate the remainder when a(-11) is divided by s(-5).
13
Let j be (-41)/10*-4*5. Suppose 0 = -3*u + j + 44. Calculate the remainder when u is divided by 11.
9
Let x(a) = -a**3 - a**2 + 6*a + 18. What is the remainder when 97 is divided by x(-2)?
7
Let m = -1230 - -1320. What is the remainder when m is divided by 84?
6
Suppose -39*o = -20*o - 10526. Calculate the remainder when o is divided by 16.
10
Let d be 3/2*(-8)/4. Let t be ((-8)/(-6))/(6/27). Let j = t + d. What is the remainder when 9 is divided by j?
0
Let c(j) = j**3 + 8*j**2 + 3*j + 3. Let m be -2 - 1*(-2 + 4). What is the remainder when c(-7) is divided by (m/6)/((-6)/153)?
14
Suppose -29*x = -15*x - 140. Calculate the remainder when 397 is divided by x.
7
Suppose -4*v - 2*l = -58, 2*v - 52 = -2*v + 4*l. Let j = 2107 - 1998. Calculate the remainder when j is divided by v.
11
Suppose 2*d - 5*w = 107, 2 = -w - 1. Calculate the remainder when d is divided by (0 - 32)*4/(-8).
14
Let q(x) be the first 